) be the first derivative of 181*w**2/2 - 29*w + 109. What is the tens digit of r(2)?
3
What is the hundreds digit of (-6)/((-288)/246608)*3?
4
Let x = 18111 - 5943. Suppose -29*c + x = -21240. What is the tens digit of c?
5
Let q be (14/28)/(4/20704). Let w = q - 1813. What is the hundreds digit of w?
7
Suppose 8*o - 15*o = 0. Suppose 16*y - 24*y + 3264 = o. What is the tens digit of y?
0
Suppose 0 = -3*h - 53*h + 283084 + 176060. What is the tens digit of h?
9
Suppose -46 = k + 191. What is the units digit of (-6)/(-3) + -7 - (k + 0)?
2
Let j = -13 - -113. Suppose 3*a = -220 + 37. Let c = j + a. What is the tens digit of c?
3
Let r(s) = 72*s**2 + 2*s - 18. Let t be r(3). Suppose -4*c = -5*b - t, -6*b = 3*c - b - 512. What is the tens digit of c?
6
Let j be (7/(7/(-10)))/((-4)/2). Suppose 0 = j*k - 3*k - 100. Suppose x - k = -2*w + w, 0 = -x. What is the units digit of w?
0
Let i(r) = -r**3 + 12*r**2 - 3*r - 11. Let o be i(10). Let v = -231 + o. Let l = v - -121. What is the tens digit of l?
4
Suppose 3*k - 4*i = 95055, -3404*i + 3407*i - 95097 = -3*k. What is the thousands digit of k?
1
Let k = -32 + 56. Let d = k + -21. Suppose d*l - a = 136, 4*l + 0*a = -a + 172. What is the units digit of l?
4
Suppose 11*k + 8*k = 38. Suppose 20*h + c - 1577 = 17*h, -k*h = c - 1050. What is the units digit of h?
7
Suppose 14*k - 2*k - 60 = 0. Suppose k*t - 855 = 325. What is the hundreds digit of t?
2
Let i = -310 - -307. Let w(l) = -255*l + 34. What is the hundreds digit of w(i)?
7
What is the units digit of (-5)/((-6)/52238*35/21)?
9
Suppose 79*r - 3171 = 31984. What is the hundreds digit of r?
4
Let r(j) = -40*j**2 + 8*j + 4. Let y be r(-4). Let q = y + 1307. Suppose -7*g + 4*g + q = 0. What is the units digit of g?
3
Let l(f) = 9*f + 225. Let t be l(-25). Suppose t = 3*d - 2701 - 2135. What is the tens digit of d?
1
What is the units digit of (-100)/160*(-8)/10*70302?
1
Suppose -4*g + 8*g - 16 = 0. Suppose -g*b + h = -285, 5*b + 11*h - 325 = 6*h. Let k = b + -4. What is the tens digit of k?
6
Let z(k) = 27*k**2 + 163*k - 2240. What is the tens digit of z(42)?
3
Suppose 2*i - 6*i + a - 12 = 0, 0 = -2*i + 2*a. What is the tens digit of 77/(-22) - (-2)/i - -399?
9
Let x be 1/(-5) - 22/(-10). Let n be (32 + -24)*(-18)/8. Let j = x - n. What is the tens digit of j?
2
What is the tens digit of -999*-85*20/75?
4
Let k be (-1 + 3)*(8 + (-81)/18). Suppose -88 = -2*b - 30. Suppose -4*o = -b - k. What is the units digit of o?
9
Let f(o) be the third derivative of o**5/15 + o**4/6 - 14*o**3 + 2*o**2 - 37. What is the hundreds digit of f(12)?
5
Let c = -9973 - -17368. What is the thousands digit of c?
7
Let q = 21194 - 7822. What is the ten thousands digit of q?
1
Let x(p) = -p**3 - 9*p**2 - 9*p - 11. Let c = -13 - -26. Suppose -5*b + c - 58 = 0. What is the units digit of x(b)?
0
Let w(x) = -2*x + 22. Let o be w(11). Suppose 2*a - 2*r + 4 = o, 5*a = 4*r - 3*r - 22. What is the units digit of (2 - a)*230/10?
1
Suppose -109*x + 183136 - 34956 = -132277. What is the tens digit of x?
7
Suppose -3*f + 32569 = 4*y, 6487 + 1644 = y + 3*f. What is the thousands digit of y?
8
Suppose -11 + 41 = 15*h. Let f be h*(-2 - 588/(-8)). What is the units digit of (-22)/f + (-2032)/(-26)?
8
Suppose 8*o + 0 + 0 = 0. Suppose 0 = 3*k + 4*z - 1097, -2*k = -o*k + 4*z - 730. Suppose -k + 88 = -3*r. What is the tens digit of r?
9
Let d(m) = 2401*m**2 + 26*m - 118. What is the hundreds digit of d(3)?
5
Suppose -5*f = -2*b + 12213, 16*f + 18297 = 3*b + 13*f. What is the tens digit of b?
9
Let o(d) = -2997*d**3 - 2*d**2 - 2*d - 1. Suppose -4*c - 5*l - 9 = 0, 5*l = c + 4*l. Let k be o(c). What is the tens digit of 4/10 - (-1 - k/35)?
8
Suppose 0 = 3*y + 3*x - 234, -y = 4*y - 2*x - 362. Let n = y + -66. What is the tens digit of ((-31488)/(-20))/n - (-2)/10?
9
Let j = -59523 + 85440. What is the thousands digit of j?
5
Let d(y) be the third derivative of 9*y**4/8 + 3*y**3/2 - 10*y**2. Let q be d(5). What is the units digit of (22/44)/(2/q)?
6
Let c(k) = -k**2 - 10*k + 122. Let s be c(-17). Suppose -5*i - z = -1755, -s*i + 5*i + z = 702. What is the hundreds digit of i?
3
Let d(r) = r**3 - 9*r**2 + 7*r - 25. Suppose 4*v + 7*h - 3*h - 36 = 0, -2*v + 2*h = -18. What is the tens digit of d(v)?
3
Suppose -5*u - 4*d = -18065, 2*u - 4*u + 2*d + 7244 = 0. What is the hundreds digit of u?
6
Suppose -124740 = -101*f + 393592. What is the units digit of f?
2
Let m(o) be the third derivative of 277/6*o**3 - 32*o**2 + 1/120*o**6 + 0 + 0*o + 1/30*o**5 + 1/8*o**4. What is the units digit of m(0)?
7
Let y = 757 + -156. What is the tens digit of y - (1 - 0)/((-6)/(-18))?
9
Let k(f) = 7676*f - 198. What is the thousands digit of k(1)?
7
Let f(t) = 4*t + 76. Let k be f(-18). Let a be 1/4 - 14/(-8). What is the tens digit of (-141)/(-3*a/k)?
9
Suppose -17*p = -21*p - 3*q + 42, -2*q = -4. Let v(x) = -13 + 0*x + 7*x + 2*x. What is the units digit of v(p)?
8
Let m be (6/9*67)/(52/(-390)). Let y = m - -1553. What is the tens digit of y?
1
Let f be (-60)/(-35) - (-6)/21. Suppose f*w = -0*w - 8, 2*t - 2882 = -3*w. What is the thousands digit of t?
1
Suppose 2*b + 141 = s, 4*s + 5*b - 525 = -0*s. Let d = -79 + 68. Let l = s + d. What is the hundreds digit of l?
1
Suppose -2*x + 11 = 3*g, -6*g + 5*g + x + 2 = 0. What is the hundreds digit of g/(-2)*-370*(-6 + 7)?
5
Suppose 3*q - 4*q - 7 = -5*c, -5*c = 3*q + 1. Let b be (q/(-4)*1)/(16/(-128)). What is the units digit of 33/(-22) + (-250)/b?
1
Suppose -47831 = 5*n - 3*d - 237152, 0 = -5*n - 5*d + 189305. What is the units digit of n?
3
Suppose -16 = 2*a + 5*h, 0 = 11*h - 12*h - 2. What is the units digit of 21/84 + ((-1269)/4)/a?
6
Let o = 513 + -193. Suppose -b = 3*k - 312, -k = b - 2*b + o. What is the hundreds digit of b?
3
Suppose 5*x - 3*r + 31 = 0, 0 = -4*x - r - 6 - 12. What is the tens digit of (-666)/x*50/30?
2
Let c be -8 + 16 - (4 + 1). Suppose 0 = -13*y + 16*y + g - 540, -c*g = 2*y - 360. What is the hundreds digit of y?
1
Let y = 44 + -49. Let d be (9 + y)*1/2. Suppose -d*b - 2*f + f = -123, 0 = 3*b + 5*f - 181. What is the units digit of b?
2
Let h be ((2/(-6))/1)/((-15)/180). Let o(v) = 8*v**2 - 10. Let a be o(h). Suppose i + 2*i + a = 2*u, u - i - 58 = 0. What is the units digit of u?
6
Let f = -3567 - -7107. What is the units digit of f?
0
Let r = -7770 + 8869. What is the units digit of r?
9
Let s(u) = 112*u**2 - 154*u + 122. What is the ten thousands digit of s(-28)?
9
Let b = -421 - -15. Let c = b + 1381. What is the units digit of c?
5
Suppose 5*h - 1166 + 132 = 2*s, -2543 = 5*s - 2*h. Let i = s + 800. What is the units digit of i?
3
Let h = -378 + 3186. Let q = h + -1131. What is the thousands digit of q?
1
Let f(w) = 4*w**2 - 15*w - 28. Let m(u) = u**2 - 5*u - 9. Let b(k) = 2*f(k) - 7*m(k). Let y be b(-3). What is the units digit of (8/(-8) - (y + 1)) + 113?
0
Let i be (-40 - -40)/(-1*2). Suppose -4*z - p + 341 = -837, 3*z + 5*p - 875 = i. What is the units digit of z?
5
Let i be (-36)/(-27) + (-16)/(-6) + -2. Suppose -4*x + i*n + 294 = 0, 2*n = -2*x - 0*n + 150. What is the tens digit of x?
7
Suppose 4*x = -3*n + 13613, 5*n - 9*n + 18216 = -11*x. What is the units digit of n?
3
Let j be 3/18 + 33/18. Suppose j*u = 8*u - 156. Let m = u - -16. What is the tens digit of m?
4
Suppose -126*d + 4001744 + 1470058 = 0. What is the ten thousands digit of d?
4
Let v = -346 + 844. Let j = -226 + v. What is the tens digit of j?
7
Let h(g) be the second derivative of -g**4/12 - 19*g**3/6 + 3*g**2 + 5*g. Let f = -140 + 125. What is the tens digit of h(f)?
6
Let h = 8780 - -24001. What is the units digit of h?
1
Suppose -9*v + 135 = -4*v. Suppose v*k - 1112 = 12145. What is the tens digit of k?
9
Let f(y) = 3*y**3 - 8*y**2 + 71*y - 501. What is the tens digit of f(21)?
4
Suppose -10 = -y - y. Suppose o + 1 = 2*b, 0 = y*o + 2*b - 9 - 10. What is the units digit of (2/(1 + -3))/(o/(-111))?
7
Suppose 3*s - 31 = 20*b - 16*b, 4*b = -2*s - 6. Suppose 7*w - 1268 = 5*w + 2*m, -s*w = m - 3182. What is the units digit of w?
6
What is the units digit of ((-134716)/8)/((-2)/4) + (-2 - -7)?
4
Let n(y) = 656*y**2 + 9*y - 15. What is the tens digit of n(3)?
1
Suppose 22 = -5*q - 18. What is the hundreds digit of (10*-5)/(q/32)?
2
Let u be (0 - 4/20)/((-6)/(-30)). Let l(d) =